hat is 0 - 1565?
-1565
In base 2, what is -1001111 - 1011?
-1011010
In base 6, what is 13001 - -3?
13004
In base 14, what is -7 + 52?
49
In base 11, what is -3 - 38?
-40
In base 5, what is 2 - -434?
441
In base 16, what is d - -121?
12e
In base 6, what is -1 + -34500?
-34501
In base 8, what is -437 - -3?
-434
In base 15, what is -43 + 8?
-3a
In base 14, what is 468 + -1?
467
In base 12, what is -5 + -255?
-25a
In base 6, what is -11 + 3?
-4
In base 2, what is -100001 - 100011?
-1000100
In base 8, what is 103 + 3?
106
In base 14, what is -16 - -38?
22
In base 14, what is c - -32?
40
In base 5, what is 4 + -13200?
-13141
In base 7, what is 30116 - 3?
30113
In base 7, what is 13 + 3054?
3100
In base 4, what is 21222 - 0?
21222
In base 4, what is -3 + 110222?
110213
In base 13, what is -1a + 21?
4
In base 15, what is 5 - -113?
118
In base 11, what is 3 + 168?
170
In base 9, what is 15 - 87?
-72
In base 5, what is 1323 + -3?
1320
In base 6, what is 4201 + -1?
4200
In base 2, what is 100001100 - -1101011?
101110111
In base 8, what is -2133 - -13?
-2120
In base 8, what is -6 + 1235?
1227
In base 12, what is 6 - 3623?
-3619
In base 13, what is -ac + 1?
-ab
In base 3, what is 10 + 1200?
1210
In base 10, what is -403 + 5?
-398
In base 3, what is -2 - -2200?
2121
In base 11, what is a + a?
19
In base 11, what is -7 - -242?
236
In base 11, what is 2 - -1518?
151a
In base 4, what is -330 - 2?
-332
In base 3, what is 2200 - -202?
10102
In base 16, what is 0 + -4d?
-4d
In base 2, what is -100 + -10010000?
-10010100
In base 6, what is 13 - -22?
35
In base 5, what is 4 - -223?
232
In base 13, what is c5 - 4?
c1
In base 11, what is -1542 + -3?
-1545
In base 8, what is -4 + 31?
25
In base 4, what is 2 - -231100?
231102
In base 16, what is -2 - -1f?
1d
In base 3, what is 1100112 - 1?
1100111
In base 10, what is 121 + 1?
122
In base 10, what is 0 + 44?
44
In base 8, what is -6 + -133?
-141
In base 12, what is -139 - -1?
-138
In base 13, what is -5 + -1841?
-1846
In base 6, what is -1055 + 5?
-1050
In base 2, what is 10 - -11100?
11110
In base 3, what is 11010 - 10?
11000
In base 14, what is a + 9b?
a7
In base 9, what is 68 - 1?
67
In base 11, what is 0 - -14a?
14a
In base 12, what is -271 + -5?
-276
In base 8, what is -12 + 2242?
2230
In base 3, what is -11 - 10021?
-10102
In base 9, what is 21 - 80?
-58
In base 8, what is 233 - -1?
234
In base 9, what is 2 - -1805?
1807
In base 14, what is -2 - -91?
8d
In base 11, what is 2161 + 1?
2162
In base 6, what is 15253 + 12?
15305
In base 8, what is -1173 + 2?
-1171
In base 16, what is -28 + -37?
-5f
In base 3, what is 10 - -121121?
121201
In base 8, what is 132 + 2?
134
In base 5, what is 20 - 11?
4
In base 8, what is 5734 - -6?
5742
In base 6, what is 301 - -20?
321
In base 3, what is -210011 - 0?
-210011
In base 13, what is 19 + 147?
163
In base 6, what is -3244 + 2?
-3242
In base 13, what is 8 - 0?
8
In base 4, what is 1011 + 0?
1011
In base 5, what is 2404 + -4?
2400
In base 8, what is 15544 + -5?
15537
In base 10, what is 12 - -18?
30
In base 14, what is 5 + 6b2?
6b7
In base 12, what is 6 + 22?
28
In base 3, what is -22000 + -12?
-22012
In base 9, what is -112 + -3?
-115
In base 12, what is -6 + 192?
188
In base 2, what is -100 + -11101101000?
-11101101100
In base 15, what is 1c62 + -4?
1c5d
In base 16, what is -7 + 16?
f
In base 16, what is 2 + -13d?
-13b
In base 2, what is 1000100010000 + 101?
1000100010101
In base 4, what is 233301 - 3?
233232
In base 12, what is 1 + 0?
1
In base 10, what is 40 - -51?
91
In base 5, what is -222 - -2?
-220
In base 14, what is -9 - 0?
-9
In base 4, what is -1312231 - 0?
-1312231
In base 16, what is 4 + -238?
-234
In base 14, what is 5 - -2c3?
2c8
In base 13, what is 1a6 + -11?
195
In base 13, what is 14 - -5?
19
In base 7, what is -11 - 4?
-15
In base 5, what is 12013 - 22?
11441
In base 13, what is 4 - b7?
-b3
In base 10, what is -112 + -4?
-116
In base 8, what is -612 - -3?
-607
In base 8, what is 3350 + 5?
3355
In base 15, what is 4 + -2a?
-26
In base 7, what is 304 - 362?
-55
In base 11, what is 4 - 95?
-91
In base 5, what is -102 - -3?
-44
In base 4, what is 312 + -30?
222
In base 11, what is 4 + 73?
77
In base 7, what is 1 + 162?
163
In base 5, what is -2 - -1011?
1004
In base 5, what is -1433 - 0?
-1433
In base 13, what is 7 + 31?
38
In base 14, what is -12d - 3?
-132
In base 5, what is 4033 - 14?
4014
In base 5, what is 4 + -1112?
-1103
In base 16, what is -5 - -54b?
546
In base 14, what is -1974 - 5?
-1979
In base 11, what is -3 - 68?
-70
In base 12, what is 60 + -5?
57
In base 3, what is -12 + 101012?
101000
In base 13, what is 5 - 69a?
-695
In base 13, what is 3c - -36?
75
In base 6, what is 3 + -524?
-521
In base 13, what is -1 - 1702?
-1703
In base 9, what is -4 + 237?
233
In base 13, what is 5 - 13?
-b
In base 9, what is 84 + 7?
102
In base 7, what is 1 - -44?
45
In base 10, what is -5 + -38?
-43
In base 12, what is -4 - -1b3?
1ab
In base 11, what is 136 - -12?
148
In base 3, what is -1101 + -11?
-1112
In base 4, what is 100 + -3033?
-2333
In base 16, what is -1 - -13a?
139
In base 5, what is 3 - 213?
-210
In base 16, what is 1f6 + -d?
1e9
In base 12, what is 1913 - 2?
1911
In base 5, what is -400 + -32?
-432
In base 15, what is 1 + 5d9?
5da
In base 13, what is -1 - -14?
13
In base 8, what is -610 + -2?
-612
In base 15, what is -376 + 0?
-376
In base 7, what is 12064 - -4?
12101
In base 10, what is 78 - 4?
74
In base 16, what is -4 - -7b?
77
In base 14, what is 22c4 - -3?
22c7
In base 5, what is -11244 - 33?
-11332
In base 3, what is 12000 + 222?
12222
In base 10, what is -1834 - 4?
-1838
In base 3, what is 1012 - 12?
1000
In base 15, what is -1ad - -6?
-1a7
In base 13, what is -3 - ab?
-b1
In base 8, what is 345 + -17?
326
In base 2, what is 110101100 + 11110?
111001010
In base 6, what is 5151 + -5?
5142
In base 7, what is -5 - 6223?
-6231
In base 2, what is -100111100 + -110?
-101000010
In base 7, what is -3 + -2100?
-2103
In base 7, what is -5 - -253?
245
In base 2, what is -10111 - 11001?
-110000
In base 4, what is 11200 - 10?
11130
In base 14, what is 4 + b58?
b5c
In base 10, what is 18 + -34?
-16
In base 14, what is 146 - 6?
140
In base 2, what is 111000110 + 101?
111001011
In base 16, what is 5 + 423?
428
In base 7, what is -1 - -222?
221
In base 5, what is -30 + -3?
-33
In base 5, what is 21302 - 2?
21300
In base 10, what is -5 - 73?
-78
In base 5, what is 3 + 10000?
10003
In base 2, what is 1 - -10110?
10111
In base 2, what is 1001 + -1100000?
-1010111
In base 10, what is 46 + -4?
42
In base 2, what is 100 + -1110011?
-1101111
In base 15, what is 0 + -134?
-134
In base 2, what is -1100 + -111?
-10011
In base 12, what is -26 - 5?
-2b
In base 3, what is -101202100 - -12?
-101202011
In base 7, what is -634 - -3?
-631
In base 10, what is -2852 - -5?
-2847
In base 7, what is 5 + 426?
434
In base 11, what is 2a3 - 4?
29a
In base 3, what is -11 - -1200120?
1200102
In base 6, what is 24432 + 5?
24441
In base 10, what is 4 + -25?
-21
In base 5, what is -41 + -22?
-113
In base 6, what is -1 - 1323?
-1324
In base 7, what is 61 - -51?
142
In base 3, what is -212200 + 10?
-212120
In base 14, what is 593 + 0?
593
In base 7, what is 1331 - 42?
1256
In base 12, what is 73b + -11?
72a
In base 10, what is -329 + 3?
-326
In base 16, what is 2 - 31?
-2f
In base 3, what is -1 + -100?
-101
In base 13, what is 5 - -29?
31
In base 7, what is 1050 - 12?
1035
In base 7, what is 141 - -2?
143
In base 8, what is -4 - -711?
705
In base 10, what is -2044 - -1?
-2043
In base 7, what is -160 + 0?
-160
In base 15, what is -5 - 105?
-10a
In base 4, what is -3 - -12000?
11331
In base 5, what is 1122044 - -1?
1122100
In base 11, what is -148 - 3?
-150
In base 10, what is -2 - 217?
-219
In base 12, what is -264 + -3?
-267
In base 4, what is 331 - -2302?
3233
In base 12, what is -8 + 58?
50
In base 5, what is 3 + 30240?
30243
In base 5, what is 42340 - -10?
42400
In base 5, what is 10 - 1340?
-1330
In base 16, what is -2 - 23?
-25
In base 2, what is 11 - -101110110?
101111001
In base 13, what is -3 + 287?
284
In base 6, what is -212505 - 3?
-212512
In base 15, what is be0 - 4?
bdb
In base 9, what is -26717 - 5?
-26723
In base 10, what is 24 - -267?
291
In base 6, what is -5 + 215?
210
In ba